 r = p - 78. Let t(h) = -h**3 + 2*h**2 + 3*h - 1. What is t(r)?
-1
Let q = 24 - 24. Suppose -2*c - c + 9 = q, -5*c = x - 8. Let i(u) = -5 - 8*u - u**2 - 6 + 1. What is i(x)?
-3
Let h(u) be the second derivative of -u**4/12 - u**3/2 - 5*u**2/2 - 14*u. Let l be (-24)/20*(-5)/2. Suppose -l*c = -5*o - 26, -4*c - 9 - 3 = 5*o. Give h(o).
-9
Let s(v) = v**2 + 7*v - 4. Let l be (((-6)/3 + 3)*5)/1. Suppose 4*j = -3*o - 20, l*j - 4*o + 3*o + 25 = 0. Calculate s(j).
-14
Let c(o) be the third derivative of o**5/60 - 7*o**4/12 + 7*o**3/3 - 65*o**2. Give c(12).
-10
Let q(n) = n**3 - n + 18. Let c = 465 - 465. Calculate q(c).
18
Let v(g) be the first derivative of -g**4/4 - g**2/2 - 26*g + 32. Determine v(0).
-26
Let n(g) = g**3 - g**2 + g - 13. Let c be 1/((1 - 5)/(-24)). Let s = c + -3. Let v be 1 - (-1)/(s/(-3)). Calculate n(v).
-13
Let a(g) = 19 + 16 + 4*g - 46 + 9. Calculate a(4).
14
Suppose 0 = -o + 8 - 1. Let v(z) be the first derivative of -z**2/2 + 9*z + 16. What is v(o)?
2
Let p = 1015 + -1012. Let t(c) = -5*c + 22. What is t(p)?
7
Let n(f) = 3 + 3*f + 5*f - 3*f**2 - 3*f - 3*f. Calculate n(-2).
-13
Let g(h) = h**2 + 4. Let u be g(-2). Let p(j) = 3*j**2 + 17*j - 3. Let t(v) = -4*v**2 - 19*v + 3. Let b(n) = -5*p(n) - 4*t(n). What is b(u)?
-5
Let t(p) = p - 9. Suppose 4*k - 5*s + 97 = 130, k + s = 6. Give t(k).
-2
Let w(m) = m**2 - 3*m - 2. Suppose -3*g + a + 10 = -6, 0 = -g + 3*a. Let o(y) = -y**2 + 9*y - 10. Let q be o(g). Suppose 12*p - 12 = q*p. What is w(p)?
-2
Let d = -1 + 3. Suppose -4*i + 3*k + 7 = 0, -5*i - 4*k = -8*i. Let m(b) = b**3 - i*b - d*b - 6 + 3*b**2 - b. What is m(-4)?
6
Let f(s) = 3*s**3 - 15*s**2 - 7*s + 5. Let m(w) = 2*w**3 - 10*w**2 - 5*w + 3. Let r(y) = 5*f(y) - 7*m(y). Let b = 600 + -595. Calculate r(b).
4
Let s(u) = u - 2. Let j be s(8). Let q be (j + -4)*(-2)/(-2). Let k(r) = r. Let a be k(q). Let o(z) = -z**3 + 2*z**2 - z. Calculate o(a).
-2
Suppose 3*y - n = 1, 4*y - 4*n - 3 = -15. Let a(g) = 6 - 4 - 1 + 3 - y*g. Calculate a(4).
-4
Let u(k) = -k - 6. Let b be u(-8). Let v(d) = 2*d**b + 8*d - 2*d + 2 - 7*d. Give v(2).
8
Let s(r) = -r**2 - r. Suppose f - 5*o + 5 = 0, 5*f - 2 = -0*o - 2*o. Suppose f = 3*z + 4*d - 8, 5*z - 5*d - 26 = -1. Give s(z).
-20
Suppose b - b = -4*b. Let k(w) be the third derivative of b*w + 2*w**2 + 0 - 1/2*w**3 - 1/8*w**4 - 1/60*w**5. Give k(-4).
-7
Let v(p) be the first derivative of p**3/6 - 7*p**2 - 12*p - 25. Let h(b) be the first derivative of v(b). Calculate h(6).
-8
Let v(b) = 2*b - 16. Let z be v(5). Let q(t) = -2*t**2 - t - 2. Let h be q(-2). Let x = z - h. Let n(a) = -a**3 + 1. What is n(x)?
-7
Suppose -3*z = -4*l - 61 - 99, -5*l + 151 = 3*z. Let b(f) = -f**3 + 3 - 1 - 49*f**2 + 4*f + z*f**2. Calculate b(4).
2
Let d(b) = -337*b**2 + 339*b**2 + 5*b + 9*b - 9. What is d(-8)?
7
Let g(k) = -2*k**2 - 2*k + 2. Let v be g(-2). Let i be ((-1)/4)/(v/8). Let u(b) = 15*b + 1 + 12*b**3 - 4*b - 11*b. Determine u(i).
13
Let p be (-10)/100 - (-162)/20. Let y(l) = l**2 - 10*l - 4. Give y(p).
-20
Let g(k) = -5*k**2 + k - 1. Let a(q) = 6*q**2 - 2. Let s be a(2). Suppose -3*b - 6*p - s = -p, -4*b + 14 = -2*p. Give g(b).
-5
Let f(h) = -h**2 - 7*h + 4. Let r be (-2)/(-27) - (-1960)/(-216). Determine f(r).
-14
Let d(w) = 18*w - 11 + 3 + 4 - 16*w. What is d(2)?
0
Let h(y) = y - 4. Let x be -11 - -11 - (-1)/((-2)/(-10)). Suppose -f - 28 = -x*f. What is h(f)?
3
Let y(v) = v**2 + 2*v - 3. Let g be y(2). Suppose 24 = c - g*c. Let f(q) = q**3 - 7 + 39*q**2 + 6*q + 2 - 32*q**2 + 2. Calculate f(c).
-3
Let j be (-7)/(-3*4/12). Let k(c) = 12*c - 1 + j*c - 28*c + 12*c. Calculate k(-4).
-13
Let l(f) be the first derivative of -1/2*f**2 + 0*f + 4 - 3*f**3. Let v be 3*(-3 + (-40)/(-15)). Determine l(v).
-8
Let l be (-36)/10 + 2/(-5) + -2. Let o(m) = -m**3 - 6*m**2 + 3. Give o(l).
3
Suppose 4 = -5*j + 6*j. Suppose j*a = -8 - 16. Let b(n) = -n + 2. Give b(a).
8
Let i(f) = 2*f - 3. Let v(q) = 6*q**2 - 8*q - 5*q**2 - 9 - 5*q. Let m be v(13). Give i(m).
-21
Let p(j) = -2*j + 9. Suppose 11*y = 6*y + 155. Let x = y + -24. What is p(x)?
-5
Let p(i) = i**2 - 4*i - 94. Let o be p(-8). Let a(f) be the second derivative of -1/6*f**4 + 1/2*f**3 + 6*f + 3/2*f**o + 0. Give a(3).
-6
Let d(j) be the third derivative of j**4/4 - 2*j**3/3 + j**2. Let l(t) = 2*t + 175. Let h be l(-86). Determine d(h).
14
Let a(x) = 5*x + 7. Suppose 3*z + 222 = 204. Give a(z).
-23
Let c(h) = 0*h**2 + 5*h**2 - 4*h**2 - 2. Suppose 59 = 4*r + 3. Let d = r - 11. Give c(d).
7
Let o be 6 + 4/4 + (-2 - -1). Let g(k) = -3*k - 7. Calculate g(o).
-25
Let z(h) be the third derivative of -h**6/120 - 2*h**5/15 - h**4/8 - 19*h**3/6 + 103*h**2 + 1. What is z(-8)?
5
Let g(v) = -v**3 + 4*v**2. Let y(z) = 3*z + 21. Let s be y(-7). Suppose -2*h + 22 = f + 2*f, s = 3*h - 15. Give g(f).
0
Let b(s) = -3*s + 0 - 13 + 7 - 11 - 14. Give b(-10).
-1
Let d(b) = 2*b - 1. Suppose -103*h = -102*h + 1. Determine d(h).
-3
Let k(b) = b**2 + 7*b + 1. Suppose 12 = -0*f + f. Let s(z) = z**3 + 12*z**2 - 12*z + 19. Let d be s(-13). Suppose -3*x = d + f. Give k(x).
-5
Let y(p) = 15*p**3 - 4*p**2 - 23*p + 21. Let w(z) be the first derivative of 2/3*z**3 - 6 - 7/4*z**4 - 10*z + 11/2*z**2. Let k(g) = 13*w(g) + 6*y(g). Give k(3).
2
Let f(i) = 2*i + 2. Let g(u) be the second derivative of -u**3/3 + 21*u**2/2 + 10*u. Let c be g(12). Determine f(c).
-4
Let b(y) = 6*y + 5. Suppose 17 = -366*q + 349*q. What is b(q)?
-1
Let y(l) = 2*l**2 + 5*l + 3. Suppose 4*x = 2*v + 14, -2*x = 4*v + 5 + 3. Let g be y(v). Let n(o) = o - 1. Give n(g).
5
Let v(i) = -10 - 257*i**3 - 5 - 3*i**2 - 2*i - 7*i**2 + 256*i**3 + 3. What is v(-10)?
8
Suppose -5*i + g = -27, 8 - 31 = -3*i + 4*g. Let x(w) be the first derivative of w**4/4 - 4*w**3/3 - 5*w**2/2 - 6*w - 2. Give x(i).
-6
Let o(j) = -j**3 + 4*j**2 + j - 1. Let k(w) = -4*w + 57. Let x be k(17). Let a(z) = -z**2 - 9*z + 25. Let d be a(x). Determine o(d).
11
Suppose 4*s = 146 + 2. Let c = -43 + s. Let n(u) = 3*u + 6. What is n(c)?
-12
Let b(q) = -q**3 - 5*q**2 + 4. Let j = 1060 - 1063. Determine b(j).
-14
Let a(n) = n**3 + 3*n + 2. Let f be a(0). Let w(r) = 25*r**2 - 1 - 3*r**f - 12*r**2. Determine w(-1).
9
Let q(f) = -1 - f + 9*f**3 + 4*f - f**3 + 0*f. Let i(n) = 24*n**3 + 10*n - 4. Let w(d) = -2*i(d) + 7*q(d). What is w(-1)?
-8
Suppose -8*t + 11 = 163. Let y = t + 25. Let u(s) = -s - 1. Give u(y).
-7
Suppose s - 7 = 2*g - 6*g, -3*s = g - 21. Let d(l) = -5*l**3 + 10*l**2 + 8*l + 7. Let b(a) = -a**3 + a**2 + 1. Let m(j) = 4*b(j) - d(j). Give m(s).
-10
Let i(u) = -4*u + 27. Suppose -4*c - 376 + 408 = 0. Give i(c).
-5
Let v(u) = 3*u - 58. Let i be v(26). Let g be (-1)/2*(i + -28). Let j(y) = -y**3 + 2*y**2 + 2*y - 6. What is j(g)?
-30
Suppose 10*k + 80 = 40. Let m(w) = w**3 + 4*w**2 - w - 5. Calculate m(k).
-1
Let y(f) = f + 3. Suppose 8*r = 31 - 31. Suppose 7*p + 6 + 29 = r. What is y(p)?
-2
Let g(u) be the third derivative of u**4/8 - 25*u**3/6 - 293*u**2 + 2. Determine g(14).
17
Let s(u) = u**2 - 3*u - 12. Suppose 8 = 3*f - 5*h, 3*f - 26 = -2*h - 2*h. Give s(f).
6
Let t(q) be the first derivative of q**4/4 - 5*q**2/2 + 2*q + 19. Let g(y) = y**3 - 11*y**2 + y - 8. Let k be g(11). What is t(k)?
14
Let p(b) = -b**2 + 5*b + 9 + 3 - 10. Let q(r) be the second derivative of r**3/6 - r**2/2 + 2*r. Let o be q(4). Give p(o).
8
Let j(h) = -625 + 1871 - 619 - 4*h - 626. Let x(b) = -b + 7. Let q be x(5). What is j(q)?
-7
Let g = 32 + -19. Suppose z + 10 = g. Let m(a) = a - 3*a**3 + 3*a**2 + 16*a**z + 0*a - 12*a**3. What is m(-4)?
-20
Let f(k) = -k + 74. Let s(m) = 2*m - 206. Let t(i) = 8*f(i) + 3*s(i). What is t(-14)?
2
Let s be 0/1 - (1 + 0). Let j(a) be the third derivative of a**6/24 - a**5/60 - a**4/24 - a**3/6 + a**2 + 5. Determine j(s).
-6
Let u(k) = k**2 + 4*k + 5. Let l be u(-2). Let q(j) = -2*j - l + 2 - 7*j**3 + j. Determine q(1).
-7
Let v = -497 - -485. Let u(s) = -s**2 - 10*s + 10. Calculate u(v).
-14
Let k(u) = u**3 + u**2 - 8*u. Let h(o) = -2*o**3 - o**2 + 15*o + 1. Let p(q) = 4*h(q) + 7*k(q). Let r(s) = s + 5*s + 1 - 5*s - 3. Let j be r(6). What is p(j)?
4
Let p(a) = 2*a**2 + 5*a**2 - 6 - a**3 + 20 - 7*a. Give p(6).
8
Let j(o) = -3*o + 8. Let g(r) = -2*r - 10. Let d be g(-9). Calculate j(d).
-16
Let q(w) = -w**3 - w**2 + 3*w - 1. Suppose -171 = 3*y + 6*y. Let g = y - -16. C